 divided by 98.
95
Calculate the remainder when 695 is divided by 184.
143
What is the remainder when 996 is divided by 100?
96
Calculate the remainder when 4171 is divided by 113.
103
Calculate the remainder when 228 is divided by 40.
28
What is the remainder when 10184 is divided by 11?
9
What is the remainder when 4489 is divided by 5?
4
What is the remainder when 1285 is divided by 39?
37
What is the remainder when 2099 is divided by 75?
74
What is the remainder when 46 is divided by 23?
0
Calculate the remainder when 96 is divided by 21.
12
Calculate the remainder when 870 is divided by 85.
20
What is the remainder when 655 is divided by 30?
25
What is the remainder when 520 is divided by 108?
88
Calculate the remainder when 495 is divided by 31.
30
What is the remainder when 211 is divided by 17?
7
What is the remainder when 624 is divided by 35?
29
Calculate the remainder when 166 is divided by 57.
52
Calculate the remainder when 982 is divided by 9.
1
Calculate the remainder when 3258 is divided by 12.
6
What is the remainder when 166 is divided by 35?
26
Calculate the remainder when 5811 is divided by 57.
54
Calculate the remainder when 418 is divided by 232.
186
Calculate the remainder when 275 is divided by 40.
35
Calculate the remainder when 77 is divided by 41.
36
What is the remainder when 10914 is divided by 10?
4
What is the remainder when 267 is divided by 77?
36
Calculate the remainder when 277 is divided by 108.
61
Calculate the remainder when 6156 is divided by 44.
40
Calculate the remainder when 223 is divided by 75.
73
What is the remainder when 542 is divided by 269?
4
What is the remainder when 86 is divided by 45?
41
What is the remainder when 2206 is divided by 18?
10
What is the remainder when 7543 is divided by 98?
95
Calculate the remainder when 159 is divided by 24.
15
What is the remainder when 40 is divided by 40?
0
What is the remainder when 118 is divided by 38?
4
What is the remainder when 163 is divided by 128?
35
What is the remainder when 47 is divided by 8?
7
Calculate the remainder when 415 is divided by 105.
100
Calculate the remainder when 191 is divided by 12.
11
What is the remainder when 1394 is divided by 45?
44
What is the remainder when 608 is divided by 275?
58
Calculate the remainder when 9463 is divided by 26.
25
What is the remainder when 78 is divided by 40?
38
Calculate the remainder when 269 is divided by 28.
17
Calculate the remainder when 1855 is divided by 16.
15
Calculate the remainder when 3306 is divided by 144.
138
Calculate the remainder when 43 is divided by 12.
7
What is the remainder when 3049 is divided by 67?
34
Calculate the remainder when 1827 is divided by 29.
0
Calculate the remainder when 3165 is divided by 144.
141
What is the remainder when 802 is divided by 209?
175
What is the remainder when 1647 is divided by 87?
81
What is the remainder when 384 is divided by 205?
179
Calculate the remainder when 85 is divided by 23.
16
What is the remainder when 83 is divided by 5?
3
Calculate the remainder when 5612 is divided by 401.
399
What is the remainder when 84 is divided by 49?
35
Calculate the remainder when 1400 is divided by 101.
87
Calculate the remainder when 284 is divided by 84.
32
Calculate the remainder when 631 is divided by 207.
10
What is the remainder when 131 is divided by 114?
17
Calculate the remainder when 239 is divided by 64.
47
Calculate the remainder when 356 is divided by 37.
23
Calculate the remainder when 390 is divided by 34.
16
Calculate the remainder when 75 is divided by 40.
35
Calculate the remainder when 45 is divided by 12.
9
Calculate the remainder when 108 is divided by 30.
18
What is the remainder when 299 is divided by 38?
33
What is the remainder when 3725 is divided by 138?
137
What is the remainder when 2606 is divided by 217?
2
What is the remainder when 3097 is divided by 100?
97
What is the remainder when 377 is divided by 56?
41
Calculate the remainder when 9 is divided by 2.
1
Calculate the remainder when 1006 is divided by 126.
124
What is the remainder when 1395 is divided by 11?
9
What is the remainder when 387 is divided by 100?
87
What is the remainder when 87 is divided by 6?
3
Calculate the remainder when 5609 is divided by 46.
43
What is the remainder when 3030 is divided by 14?
6
What is the remainder when 166 is divided by 57?
52
What is the remainder when 181 is divided by 64?
53
What is the remainder when 2274 is divided by 14?
6
What is the remainder when 4896 is divided by 25?
21
Calculate the remainder when 435 is divided by 42.
15
Calculate the remainder when 219 is divided by 14.
9
Calculate the remainder when 1580 is divided by 773.
34
Calculate the remainder when 267 is divided by 44.
3
What is the remainder when 115 is divided by 39?
37
What is the remainder when 412 is divided by 58?
6
What is the remainder when 11885 is divided by 16?
13
Calculate the remainder when 374 is divided by 6.
2
Calculate the remainder when 7500 is divided by 121.
119
What is the remainder when 4526 is divided by 23?
18
Calculate the remainder when 176 is divided by 14.
8
Calculate the remainder when 917 is divided by 9.
8
Calculate the remainder when 6798 is divided by 85.
83
Calculate the remainder when 280 is divided by 98.
84
What is the remainder when 2592 is divided by 322?
16
What is the remainder when 837 is divided by 14?
11
Calculate the remainder when 546 is divided by 110.
106
Calculate the remainder when 9951 is divided by 158.
155
What is the remainder when 951 is divided by 314?
9
Calculate the remainder when 334 is divided by 31.
24
What is the remainder when 73 is divided by 26?
21
What is the remainder when 171 is divided by 30?
21
Calculate the remainder when 13629 is divided by 32.
29
Calculate the remainder when 519 is divided by 20.
19
Calculate the remainder when 100 is divided by 35.
30
What is the remainder when 2390 is divided by 104?
102
What is the remainder when 190 is divided by 69?
52
What is the remainder when 1621 is divided by 44?
37
What is the remainder when 91 is divided by 18?
1
Calculate the remainder when 241 is divided by 18.
7
Calculate the remainder when 243 is divided by 50.
43
Calculate the remainder when 7 is divided by 6.
1
What is the remainder when 730 is divided by 124?
110
Calculate the remainder when 1365 is divided by 10.
5
Calculate the remainder when 22245 is divided by 12.
9
What is the remainder when 317 is divided by 107?
103
Calculate the remainder when 272 is divided by 21.
20
Calculate the remainder when 202 is divided by 10.
2
What is the remainder when 850 is divided by 273?
31
Calculate the remainder when 113 is divided by 6.
5
What is the remainder when 2865 is divided by 191?
0
What is the remainder when 385 is divided by 21?
7
What is the remainder when 782 is divided by 9?
8
What is the remainder when 13 is divided by 1?
0
What is the remainder when 12 is divided by 11?
1
What is the remainder when 138 is divided by 14?
12
Calculate the remainder when 275 is divided by 47.
40
Calculate the remainder when 661 is divided by 30.
1
What is the remainder when 4893 is divided by 48?
45
What is the remainder when 20157 is divided by 6?
3
Calculate the remainder when 5293 is divided by 133.
106
Calculate the remainder when 808 is divided by 197.
20
What is the remainder when 1614 is divided by 272?
254
Calculate the remainder when 138 is divided by 107.
31
Calculate the remainder when 494 is divided by 31.
29
What is the remainder when 235 is divided by 111?
13
Calculate the remainder when 10675 is divided by 23.
3
Calculate the remainder when 8314 is divided by 231.
229
Calculate the remainder when 12153 is divided by 80.
73
Calculate the remainder when 1423 is divided by 143.
136
What is the remainder when 268 is divided by 27?
25
Calculate the remainder when 319 is divided by 40.
39
What is the remainder when 560 is divided by 166?
62
What is the remainder when 191 is divided by 23?
7
Calculate the remainder when 345 is divided by 58.
55
What is the remainder when 5773 is divided by 75?
73
Calculate the remainder when 2746 is divided by 85.
26
Calculate the remainder when 256 is divided by 51.
1
What is the remainder when 708 is divided by 144?
132
What is the remai